test common factor of j and c.
17
Suppose -233*s + 236*s - 4*w = 71, -3*s + 77 = 2*w. Calculate the highest common factor of s and 15325.
25
Suppose -230*v + 4546 = -3044. Suppose 5*q - 2*u - 206 = 230, -5*u = -10. Calculate the highest common divisor of q and v.
11
Suppose 0 = -3*w + 3*i - 14 - 1, -4*i + 17 = -w. Let x be -2 + w - 12/(-8)*4. Calculate the highest common factor of x and 3.
3
Let d(r) = -57*r**3 - 3*r**2 - 3*r - 3. Let i be d(-1). What is the highest common divisor of 3042 and i?
18
Let t be (-12)/(-5)*(-160)/(-6). Suppose 207*x - 503079 = -145383. What is the highest common divisor of x and t?
64
Let i(f) = -f**3 - 10*f**2 + 29*f - 6. Let r be i(-9). Let a be (r/36 - -9) + (-34)/(-6). What is the greatest common factor of 25 and a?
5
Suppose 12*v - 8*v - 32 = 0. Suppose 2*y = -4, -8 = -l - 5*y + v. What is the highest common divisor of 65 and l?
13
Let l be 17/3*(-21 - -1 - 1). Let i = l + 121. Calculate the highest common divisor of i and 46.
2
Let h(p) = -10*p + 96. Let d be h(0). Let w = 120 - d. What is the greatest common divisor of 30 and w?
6
Let j(z) = -z - 7. Let l be j(0). Let h = 5 - 4. Let p be (-8*h)/(((-21)/(-66))/l). Calculate the greatest common divisor of 16 and p.
16
Let y(t) = -214*t - 11958. Let l be y(-61). What is the highest common divisor of 32 and l?
8
Suppose 0 = -6*t + 1387 + 53. What is the greatest common divisor of t and 640?
80
Let l be ((-56)/(-10))/(-3*5/(-300)). Let k = 184 - l. What is the highest common divisor of k and 16?
8
Suppose -2*l + 3*p = -18, -3*l = p + 37 - 42. Calculate the highest common factor of 2127 and l.
3
Let z(c) = 975*c**2 - 14*c - 1. Let d be z(1). What is the highest common divisor of d and 90?
30
Suppose 3*o - 954 = 3*i, -5*o + 4*i + 327 = -4*o. Let x = o - 280. What is the greatest common divisor of x and 56?
7
Suppose 3*v - 245 = -n, 13*v - 12*v = -n + 263. Calculate the highest common divisor of n and 5576.
136
Let t = 379 + -261. Suppose 3*j = -5*z - t - 363, 5*z + 471 = 2*j. Let r be 1267/5 + 38/z. Calculate the greatest common divisor of 23 and r.
23
Let l be (-1 - 2)*(43 - 40) + 114. Calculate the greatest common factor of 3129 and l.
21
Suppose -3*d = d - 16, -j = d. Let m(o) = -2*o**2 - 7*o + 2. Let i be m(j). Let x be (-1)/(-4)*i*-212. Calculate the highest common divisor of x and 53.
53
Suppose d + 422 = 3*d - a, -3*d - a + 643 = 0. Let b = -198 + d. Let v(j) = -31*j - 4. Let f be v(-4). Calculate the highest common factor of b and f.
15
Suppose 3*a - 17 = -4*m + 4*a, 5*a + 25 = 5*m. Suppose -m*n + 12*n = -504. Let r = n - -86. Calculate the highest common factor of 207 and r.
23
Let y be 345/10*(-48)/(-18). Let d = 98 - y. Suppose -51 = -d*g + 165. What is the highest common divisor of g and 8?
4
Let j = 200 + -104. Suppose 38 = 4*b + 262. Let c be (-2 + (-10)/(-8))/(7/b). Calculate the highest common factor of c and j.
6
Let z(i) = 5*i**2 - 7*i - 144. Let h be z(14). What is the highest common divisor of h and 18?
18
Let i be -3*3*(11 - (-10 + 15)). Let d be ((-7)/1 - -8)*i/(-2). Let m = 143 - 89. Calculate the greatest common divisor of d and m.
27
Let t = 28436 - 28179. What is the greatest common factor of 1799 and t?
257
Let l = 25982 + -25959. Calculate the highest common divisor of l and 52762.
23
Let c(k) = 2*k + 4. Let b be c(5). Let v = 56 - 52. Suppose v*m = 3*o - o - 496, 3*o - 734 = 4*m. What is the highest common factor of o and b?
14
Let y be 2/(-4) - 7/(-2). Suppose -20*t = -5*b - 22*t + 2929, -4*t - 1747 = -y*b. Calculate the greatest common divisor of b and 65.
65
Suppose 0 = 36*l - 68 - 76. What is the highest common factor of 324 and l?
4
Let h be (-378)/18 + 4 + 30. Suppose -u + 36 = 4*n, n = -u + 4*u - 160. What is the highest common divisor of u and h?
13
Suppose 15*o + 92 = 19*o. Let t(p) = 8*p - 147. Let m be t(o). What is the greatest common factor of 481 and m?
37
Let f(b) = 6*b + 160. Let v be f(-17). Calculate the greatest common divisor of v and 725.
29
Suppose -2*t = -3*v - 1004, -539*v = 3*t - 534*v - 1563. What is the highest common divisor of 21 and t?
7
Suppose 0 = -4*i + 2*w + 18, 2*i + i - 2*w - 16 = 0. Let o(z) = 18*z + 2. Let g be o(i). Let n = 1196 - 1158. Calculate the greatest common divisor of n and g.
38
Let l be 8/((-3)/5 - -1). Suppose -l*o = -28*o + 208. Suppose 61 + 199 = 4*n. What is the greatest common divisor of o and n?
13
Suppose -4*j = 62 - 42, 0 = 3*i + j - 649. Suppose 2*a = 4*t - 902, t - a = a + i. Calculate the highest common factor of t and 24.
12
Let h be ((-828)/30)/(-2 - 1008/(-510)). Calculate the highest common divisor of h and 34.
17
Let a be 94/(-3)*(6 - 12). Suppose 7*b - 347 = -18. Calculate the highest common factor of b and a.
47
Let z be (-1 - (-87)/12) + (-2)/8. Let a(q) = -5*q + 34. Let o be a(z). Let x be 8 + (0 - (-4 + o)). Calculate the greatest common factor of 136 and x.
8
Suppose 88 = 8*m + 24. Let a(s) = 2*s**2 - 16*s + 2. Let w be a(m). Let y be (-2 - -52)/w + 5 + -3. What is the highest common factor of 18 and y?
9
Let a be (-28)/(-126) - ((-689780)/45)/7. What is the greatest common factor of a and 3?
3
Suppose 4*i - 3038*g + 3039*g = 847, 0 = 2*i - 3*g - 371. Suppose -5*l + 1020 = 4*q - 0*q, q = 2*l + 268. What is the greatest common factor of q and i?
52
Let c(f) = -f**2 + 451*f - 40299. Let b be c(123). Let p be 478/8 - (-1)/4. Calculate the highest common divisor of p and b.
15
Let p = -324 + 329. Let k be 18 + p + 2/(-2). Calculate the greatest common divisor of k and 44.
22
Suppose 5*y - 23*y + 267270 = 41*y. Calculate the highest common divisor of 90 and y.
30
Suppose -65*c - 2284 = -69*c + 2*f, -3*c + 5*f + 1720 = 0. What is the highest common factor of c and 2010?
30
Let c = 74 + -30. Suppose -4*r - 12 = -8, -3*r = 4*p + 1475. Let a = 434 + p. What is the greatest common divisor of a and c?
22
Let m be (5 - 0)/(1/2). Let c(z) = 2*z - m*z + 71 - 6*z. Let n be c(5). What is the highest common divisor of n and 8?
1
Suppose -609 = 2*h - 5*j, -2*j - 374 = 2*h + 200. Let k = h + 332. What is the greatest common divisor of k and 180?
20
Suppose -4*m = -3863*b + 3865*b - 48, 0 = -5*b - m + 21. Let w be 1/((-1)/(3/(-3))). What is the highest common factor of b and w?
1
Suppose -2*n + 2*w + 304 = 0, 25*n - 24*n = 3*w + 152. What is the greatest common factor of n and 3344?
152
Suppose 9*h - 862 = 659. Let r be (h + -13)*(-1)/(-3) - 0. Calculate the greatest common factor of r and 78.
26
Let p(r) = r**3 - 6*r**2 - 2*r - 8. Let t be p(7). Let l be 8/36 - (-156)/t. Suppose 9*u - l*u = 180. Calculate the highest common factor of 24 and u.
12
Suppose 0 = -4*i - 5*y - 17, 3*i - 4*y = -3*y + 11. Suppose -i*z - 11 = -3. Let h be (-2)/z - (0 + 316/(-8)). What is the greatest common factor of h and 8?
8
Suppose y + 5*s - 147 = 0, -7*y + 4*y + 458 = -2*s. Calculate the greatest common divisor of 380 and y.
76
Let x(i) = -i**2 - 44*i - 261. Let b be x(-8). What is the highest common factor of 153 and b?
9
Suppose -n - 126 = -2*n. Let c = -508 - -697. Calculate the greatest common factor of n and c.
63
Let a = 37 - 27. Suppose 6*w + 140 = a*w. What is the highest common factor of w and 21?
7
Let b = 63 + -69. Let c be (3/b - -3)*44. Let g = 38 + -16. Calculate the greatest common factor of g and c.
22
Let v(n) = -n**3 - 2*n**2 + n + 4. Let q be v(-3). Let h be q/(-12)*(1 + -4)*10. What is the highest common divisor of 225 and h?
25
Suppose 2158 = 12*v - 122. Suppose -v*c = -198*c + 88. Calculate the greatest common factor of c and 1.
1
Let t be (1 - (2 - (4 - 2))) + 3. Let m be (t/3)/((-6)/18). Let k be m - ((-90 - -3) + 3). Calculate the greatest common divisor of 32 and k.
16
Let p be ((-2)/(-4))/((-11)/792). Let l = -24 - p. Let h be (8/(-5) - -2)*30. What is the highest common factor of l and h?
12
Let p(d) = -d**3 - 9*d**2 + 6*d + 34. Let u be p(2). Calculate the highest common factor of 202 and u.
2
Let t(o) = o**3 + 9*o**2 + 19*o + 14. Let i be t(-6). Let a(p) = 9*p - 56. Let y be a(i). Calculate the greatest common divisor of 16 and y.
16
Let x(w) = w**2 + 19*w - 37. Let f be x(-23). Let q = -18 - -42. Let m be -1 + (-1 + q)*1. Calculate the greatest common factor of m and f.
11
Let r(j) = -j**3 + 6*j**2 + 4*j - 19. Suppose 9*h - 28 = 26. Let i be r(h). What is the greatest c